
False
Is 2110797 a multiple of 58?
False
Does 797 divide 329944?
False
Is 15 a factor of 449385?
True
Is 723228 a multiple of 12?
True
Is 405 a factor of 17536?
False
Does 9 divide 89653?
False
Is 467 a factor of 9885923?
True
Does 948 divide 865524?
True
Does 195 divide 2166060?
True
Does 11 divide 4532?
True
Does 4 divide 230072?
True
Does 557 divide 652354?
False
Is 1187801 a multiple of 315?
False
Is 373 a factor of 469563?
False
Does 84 divide 119722?
False
Is 6 a factor of 11094336?
True
Is 141 a factor of 561829?
False
Does 113 divide 181930?
True
Does 369 divide 66420?
True
Does 39 divide 4921640?
False
Does 11 divide 605649?
True
Does 6 divide 116542?
False
Is 12862092 a multiple of 1157?
False
Is 5 a factor of 2045540?
True
Does 284 divide 4135855?
False
Does 66 divide 209922?
False
Is 90990 a multiple of 310?
False
Is 16 a factor of 31618?
False
Does 32 divide 141376?
True
Does 75 divide 119025?
True
Is 11682 a multiple of 4?
False
Is 86 a factor of 744846?
True
Does 4 divide 63800?
True
Is 1007 a factor of 11739241?
False
Is 40 a factor of 543857?
False
Does 615 divide 7976550?
True
Is 113082 a multiple of 47?
True
Is 2124082 a multiple of 52?
False
Is 60 a factor of 976500?
True
Does 5 divide 374980?
True
Is 295 a factor of 11987000?
False
Is 463710 a multiple of 443?
False
Is 69708 a multiple of 471?
True
Is 1622 a factor of 7712610?
True
Is 1482482 a multiple of 2?
True
Does 52 divide 68415?
False
Does 67 divide 335741?
False
Is 134676 a multiple of 12?
True
Is 564 a factor of 1801416?
True
Is 78767 even?
False
Does 255 divide 611490?
True
Is 379275 a multiple of 195?
True
Is 3 a factor of 14064?
True
Is 2425 a factor of 12508150?
True
Is 125 a factor of 521088?
False
Is 62 a factor of 110794?
True
Is 46 a factor of 45223?
False
Does 30 divide 1465380?
True
Does 148 divide 114108?
True
Does 132 divide 547404?
True
Is 350578 a multiple of 2?
True
Does 8 divide 195649?
False
Does 5 divide 8132?
False
Is 3 a factor of 3041?
False
Is 16 a factor of 74272?
True
Is 19 a factor of 680200?
True
Is 218 a factor of 315882?
True
Is 509 a factor of 770913?
False
Is 147 a factor of 146118?
True
Is 46 a factor of 915595?
False
Does 646 divide 366282?
True
Is 3472899 a multiple of 349?
True
Does 38 divide 18012?
True
Is 329640 a multiple of 4?
True
Is 80 a factor of 458320?
True
Is 4 a factor of 91880?
True
Is 12 a factor of 733896?
True
Is 61 a factor of 36600?
True
Is 460 a factor of 541420?
True
Does 44 divide 2002176?
True
Is 42 a factor of 186758?
False
Is 283 a factor of 8342026?
False
Does 10 divide 294750?
True
Is 905490 a multiple of 354?
False
Is 204 a factor of 419598?
False
Does 20 divide 674398?
False
Is 263 a factor of 2463521?
True
Does 33 divide 348039?
False
Is 1178975 a multiple of 17?
False
Is 300514 a multiple of 9?
False
Is 313 a factor of 1384029?
False
Is 15576 a multiple of 8?
True
Is 1649596 a multiple of 13?
True
Is 424612 a multiple of 9?
False
Is 1070 a factor of 3588125?
False
Is 3868181 a multiple of 10?
False
Is 13 a factor of 7763?
False
Does 334 divide 372277?
False
Does 15 divide 11261313?
False
Is 101 a factor of 1007781?
False
Does 602 divide 2100378?
True
Is 89 a factor of 1524837?
True
Is 156 a factor of 2279316?
True
Is 23247 a multiple of 189?
True
Does 562 divide 4510940?
False
Is 32780 a multiple of 110?
True
Is 223 a factor of 193498?
False
Is 182028 a multiple of 11?
True
Is 56 a factor of 87997?
False
Is 74 a factor of 5194504?
True
Is 24801 a multiple of 17?
False
Is 38 a factor of 5902287?
False
Does 69 divide 634793?
False
Is 304 a factor of 2736?
True
Is 730 a factor of 1166540?
True
Is 430305 a multiple of 113?
False
Is 363706 a multiple of 166?
True
Does 11 divide 3236222?
True
Is 424 a factor of 26288?
True
Does 20 divide 1015736?
False
Is 14 a factor of 842478?
True
Is 360276 a multiple of 14?
True
Does 216 divide 8671031?
False
Does 19 divide 20763979?
True
Does 5 divide 119022?
False
Is 618660 a multiple of 20?
True
Does 433 divide 78373?
True
Is 73 a factor of 671332?
False
Is 26331 a multiple of 2?
False
Is 2119548 a multiple of 609?
False
Is 295680 a multiple of 16?
True
Is 690 a factor of 3501750?
True
Is 8 a factor of 2191172?
False
Is 206 a factor of 793307?
False
Is 14 a factor of 138259?
False
Does 5 divide 1945805?
True
Is 1082 a factor of 1888090?
True
Is 1772586 a multiple of 146?
True
Is 30 a factor of 32852?
False
Is 880848 a multiple of 72?
True
Is 4086550 a multiple of 26?
True
Is 21 a factor of 256305?
True
Is 37 a factor of 6000253?
True
Is 8547 a multiple of 7?
True
Does 49 divide 101822?
True
Is 103 a factor of 1845245?
True
Does 9 divide 2109?
False
Is 47 a factor of 247699?
False
Is 221622 a multiple of 6?
True
Is 19 a factor of 1842119?
False
Is 155 a factor of 160552?
False
Does 16 divide 104352?
True
Is 7561509 a multiple of 159?
False
Is 17 a factor of 314415?
True
Is 568 a factor of 119047?
False
Is 196060 a multiple of 4?
True
Is 1643681 a multiple of 144?
False
Is 13 a factor of 280410?
True
Is 3532 a multiple of 4?
True
Is 295694 a multiple of 13?
False
Is 208078 a multiple of 302?
True
Does 79 divide 329392?
False
Is 649726 a multiple of 44?
False
Is 10 a factor of 55947?
False
Does 81 divide 69903?
True
Is 18 a factor of 176994?
True
Does 488 divide 12840789?
False
Is 255132 a multiple of 684?
True
Does 107 divide 965868?
False
Does 2 divide 55244?
True
Is 89 a factor of 56584?
False
Is 8 a factor of 61360?
True
Is 102345 a multiple of 49?
False
Is 606462 a multiple of 236?
False
Does 96 divide 85248?
True
Does 252 divide 2608704?
True
Is 256 a factor of 859136?
True
Is 38979 a multiple of 9?
True
Is 13 a factor of 69368?
True
Does 160 divide 127106?
False
Does 14 divide 172936?
False
Does 105 divide 128663?
False
Is 24 a factor of 385711?
False
Is 721005 a multiple of 10?
False
Is 19 a factor of 10471831?
True
Does 17 divide 2589831?
True
Is 367800 a multiple of 150?
True
Is 486026 a multiple of 28?
False
Is 97 a factor of 215825?
True
Is 12 a factor of 1532382?
False
Is 114 a factor of 2336202?
True
Is 19722704 a multiple of 188?
True
Is 25 a factor of 9261?
False
Is 18 a factor of 105876?
True
Is 51 a factor of 108222?
True
Does 10 divide 77017?
False
Is 1568 a factor of 13986560?
True
Does 259 divide 667961?
True
Is 533094 a multiple of 23?
True
Does 31 divide 31537?
False
Does 2666 divide 7710072?
True
Is 186676 a multiple of 11?
False
Is 634 a factor of 1176070?
True
Is 184146 a multiple of 47?
True
Is 30 a factor of 57836?
False
Is 1126886 a multiple of 771?
False
Is 84 a factor of 2963393?
False
Is 46 a factor of 139421?
False
Is 80327 a multiple of 13?
True
Is 183608 a multiple of 46?
False
Is 865503 a multiple of 88?
False
Is 53482 a multiple of 5?
False
Is 480147 a multiple of 7?
False
Is 6035906 a multiple of 126?
False
Is 19 a factor of 742329?
False
Is 42 a factor of 148932?
True
Does 10 divide 146510?
True
Is 40 a factor of 318974?
False
Is 2 a factor of 184270?
True
Does 10 divide 2379100?
True
Is 18 a factor of 267858?
True
Is 639 a factor of 486918?
True
Does 211 divide 1693649?
False
Does 232 divide 1413561?
False
Is 455084 a multiple of 460?
False
Is 129499 a multiple of 5?
False
Does 82 divide 393600?
True
Is 565 a factor of 7391330?
True
Is 14591617 a multiple of 727?
True
Does 19 divide 2079398?
True
Is 1414683 a multiple of 43?
False
Is 4 a factor of 7120?
True
Is 681 a factor of 589065?
True
Is 1249 a factor of 3780377?
False
Is 155120 a multiple of 10?
True
Does 28 divide 509208?
True
Is 384 a factor of 743674?
False
Does 759 divide 15199734?
True
Is 329528 a multiple of 47?
False
Is 1434405 a multiple of 92?
False
Is 53 a factor of 20021?
False
Does 11 divide 26563?
False
Is 27 a factor of 242730?
True
Is 101 a factor of 7603482?
True
Is 72 a factor of 15688152?
True
Is 46 a factor of 2328382?
True
Is 55 a factor of 89210?
True
Does 78 divide 1882473?
False
Does 30 divide 2589797?
False
Is 790438 a multiple of 5?
False
Is 7546735 a multiple of 35?
True
Is 2031242 a multiple of 29?
False
Is 11343145 a multiple of 55?
True
Is 5 a factor of 97681?
False
Is 5575 even?
False
Is 8 a factor of 482476?
False
Does 105 divide 8819265?
True
Is 2420592 a multiple of 16?
True
Is 85 a factor of 16212897?
False
Is 57 a factor of 1183434?
Tru